{"id":12,"date":"2018-02-08T17:20:39","date_gmt":"2018-02-08T16:20:39","guid":{"rendered":"https:\/\/www.chronique-gardelle.fr\/?page_id=12"},"modified":"2018-02-20T21:07:52","modified_gmt":"2018-02-20T20:07:52","slug":"jacques-linstit","status":"publish","type":"page","link":"https:\/\/www.chronique-gardelle.fr\/?page_id=12","title":{"rendered":"Jacques l&rsquo;Instit"},"content":{"rendered":"<h3>Gardelle Jacques Instituteur communal<\/h3>\n<p>&nbsp;<\/p>\n<p>N\u00e9 le 23 aout 1807 \u00e0 Saint Mary le Cros.<\/p>\n<p><img loading=\"lazy\" decoding=\"async\" class=\"size-full wp-image-122 aligncenter\" src=\"https:\/\/www.chronique-gardelle.fr\/wp-content\/uploads\/2018\/02\/instit1-3.png\" alt=\"\" width=\"1081\" height=\"544\" srcset=\"https:\/\/www.chronique-gardelle.fr\/wp-content\/uploads\/2018\/02\/instit1-3.png 1081w, https:\/\/www.chronique-gardelle.fr\/wp-content\/uploads\/2018\/02\/instit1-3-300x151.png 300w, https:\/\/www.chronique-gardelle.fr\/wp-content\/uploads\/2018\/02\/instit1-3-768x386.png 768w, https:\/\/www.chronique-gardelle.fr\/wp-content\/uploads\/2018\/02\/instit1-3-1024x515.png 1024w\" sizes=\"(max-width: 1081px) 100vw, 1081px\" \/><\/p>\n<p>&nbsp;<\/p>\n<p>Brevet Instituteur Primaire \u00c9l\u00e9mentaire le 23 Septembre 1837 \u00e0 Clermont-Ferrand.<\/p>\n<p><img loading=\"lazy\" decoding=\"async\" class=\"alignnone size-full wp-image-123 aligncenter\" src=\"https:\/\/www.chronique-gardelle.fr\/wp-content\/uploads\/2018\/02\/instit2-3.png\" alt=\"\" width=\"689\" height=\"820\" srcset=\"https:\/\/www.chronique-gardelle.fr\/wp-content\/uploads\/2018\/02\/instit2-3.png 689w, https:\/\/www.chronique-gardelle.fr\/wp-content\/uploads\/2018\/02\/instit2-3-252x300.png 252w\" sizes=\"(max-width: 689px) 100vw, 689px\" \/><\/p>\n<p>&nbsp;<\/p>\n<p style=\"text-align: justify;\">Instituteur \u00e0 st Mary le Cros \u00a0de 1837 \u00e0 1856 mais une \u00e9cole Mixte va \u00eatre cr\u00e9e \u00e0 Lusclade et selon la r\u00e9glementation ce doit \u00eatre une femme que doit faire la classe.<\/p>\n<p style=\"text-align: justify;\">Le 23 Mai 1856 il est nomm\u00e9 \u00e0 Chaliers (pr\u00e8s de Loubaresse au bord de la Truy\u00e8re).<\/p>\n<p><img loading=\"lazy\" decoding=\"async\" class=\"size-full wp-image-124 aligncenter\" src=\"https:\/\/www.chronique-gardelle.fr\/wp-content\/uploads\/2018\/02\/instit3-3.png\" alt=\"\" width=\"972\" height=\"601\" srcset=\"https:\/\/www.chronique-gardelle.fr\/wp-content\/uploads\/2018\/02\/instit3-3.png 972w, https:\/\/www.chronique-gardelle.fr\/wp-content\/uploads\/2018\/02\/instit3-3-300x185.png 300w, https:\/\/www.chronique-gardelle.fr\/wp-content\/uploads\/2018\/02\/instit3-3-768x475.png 768w\" sizes=\"(max-width: 972px) 100vw, 972px\" \/><\/p>\n<blockquote>\n<p style=\"text-align: justify;\">Au nom de l\u2019Empereur Le pr\u00e9fet du Cantal Vu le rapport de l\u2019inspecteur d\u2019acad\u00e9mie Nomme Instituteur Communal \u00e0 Fournols Monsieur Jacques Gardelle n\u00e9 le 23 AOUT 1807 \u00e0 Signalade commune de st Mary le Cros\u00a0, et pourvu d\u2019un brevet de capacit\u00e9 en date du 22 septembre \u00a01837. Il pr\u00eatera ob\u00e9issance \u00e0 la constitution et fid\u00e9lit\u00e9 \u00e0 l\u2019empereur avant d\u2019entrer en fonctions devant le juge de paix du canton Fait et arr\u00eat\u00e9 \u00e0 Aurillac en l\u2019h\u00f4tel de la pr\u00e9fecture Le 16 d\u00e9cembre 1856<\/p>\n<\/blockquote>\n<p>&nbsp;<\/p>\n<p style=\"text-align: justify;\">Le 1<sup>er<\/sup> trimestre\u00a0 1857 il est instituteur communal \u00e0 fournols et il le restera jusqu&rsquo;\u00e0\u00a0 la fin de l\u2019ann\u00e9e scolaire 1871 et sera mis en retraite.<\/p>\n<p style=\"text-align: justify;\">En 1861 cr\u00e9ation d\u2019une deuxi\u00e8me classe \u00e0 Fournols avec comme institutrice Mlle Vigier.<\/p>\n<p style=\"text-align: justify;\">En 1871 c\u2019est Monsieur Domergue qui vient en remplacement de\u00a0 jacques Gardelle.<\/p>\n<p style=\"text-align: justify;\">Et \u00e0 partir de 1872 la classe sera faite par Melle Vigier et Monsieur Domergue.<\/p>\n<p style=\"text-align: justify;\">(Archives du Cantal 1 T 109\/ \u00e0\u00a0 111)<\/p>\n<p style=\"text-align: justify;\">Mariage le 27 F\u00e9vrier 1867 avec Marguerite Chanson.<\/p>\n<p style=\"text-align: justify;\">AD 15 5MI 292\/4 pages 26 et 27<\/p>\n<p>&nbsp;<\/p>\n<p>Il l\u00e9gua l&rsquo;ensemble de ses biens par testament le 25 novembre 1880 devant maitre Paul Viallefont notaire \u00e0 Talizat.<\/p>\n<blockquote><p>Testament de Jacques Gardelle<\/p>\n<p>L\u2019an 1880 et le 25 Novembre<\/p>\n<p style=\"text-align: justify;\">Par devant nous, Maitre Paul Villafont ,notaire \u00e0 Talizat en pr\u00e9sence de Jean Delhostal menuisier et de Jean Marchaix garde Champ\u00eatre, de Mary Morand cultivateur et de Jean Fran\u00e7ois menuisier, tous quatre habitants du lieu et de la commune de R\u00e9zenti\u00e8res t\u00e9moins appel\u00e9s par ordre du testateur ci apr\u00e8s \u2026. Avec nous soussign\u00e9s<\/p>\n<p>A comparu<\/p>\n<p style=\"text-align: justify;\">Monsieur Jacques Gardelle, ancien instituteur, propri\u00e9taire, habitant du dit lieu et commune de R\u00e9zenti\u00e8res<\/p>\n<p style=\"text-align: justify;\">Lequel nous requis de recevoir son testament qu\u2019il a nous a et que nous dit notaire avons \u00e9crit de notre main tel qu\u2019il nous a \u00e9t\u00e9 dict\u00e9 en la pr\u00e9sence r\u00e9elle continue et simultan\u00e9e des dits t\u00e9moins ainsi qu\u2019il suit.<\/p>\n<p style=\"text-align: justify;\">Je donne \u00e0 Pierre Gardelle mon neveu, cultivateur habitant au dit lieu de R\u00e9zenti\u00e8res tous les biens meubles et immeubles que je laisserai \u00e0 mon d\u00e9c\u00e8s. L\u2019instituant h\u00e9ritier de tout ce qui composera ma succession. A la charge pour lui de faire dire pour 250 francs de messes pour Marguerite Gardelle, ma s\u0153ur et pour 400 francs de messes pour ma femme et 400 francs pour moi<\/p>\n<p style=\"text-align: justify;\">Je casse et r\u00e9voque tous autres testaments que j\u2019aurai ci devant faits, et le pr\u00e9sent seul sorte son effet comme \u00e9tant l\u2019expression de mes derni\u00e8res volont\u00e9s<\/p>\n<p style=\"text-align: justify;\">Le pr\u00e9sent testament \u00e0 \u00e9t\u00e9 ainsi que nous l\u2019avons d\u00e9j\u00e0 dit dict\u00e9 par le testateur \u00e0 nous dit notaire qui l\u2019avons \u00e9crit tel qu\u2019il nous a \u00e9t\u00e9 dict\u00e9 .Nous avons ensuite donn\u00e9 lecture au dit testateur qui \u00e0 d\u00e9clar\u00e9 le bien comprendre et ne vouloir y faire aucun changements, le tout en pr\u00e9sence des dits t\u00e9moins.<\/p>\n<p style=\"text-align: justify;\">Dont Acte<\/p>\n<p style=\"text-align: justify;\">Fait et pass\u00e9 ,\u00e9crit ,lu et relu et clos au dit lieu de R\u00e9zenti\u00e8res en la maison de monsieur Gardelle testateur \u00e0 la cuisine au devant de son lit en pr\u00e9sence des quatre t\u00e9moins qui ont sign\u00e9s avec le testateur et nous dit notaire .Nouvelle lecture faite du tout , toujours les dits t\u00e9moins pr\u00e9sents depuis le commencement jusqu&rsquo;\u00e0 la fin sans discontinuer et sans divertir \u00e0 d\u2019autres actes.<\/p>\n<p style=\"text-align: justify;\">Signatures<\/p>\n<p style=\"text-align: justify;\">GARDELLE- DELHOSTAL -MARCHAIX -MORAND \u2013FRANCOIS<\/p>\n<p style=\"text-align: justify;\">Et VIALLEFONT<\/p>\n<p style=\"text-align: justify;\">Enregistr\u00e9 \u00e0 Saint Flour le 29 Janvier 1891<\/p>\n<p style=\"text-align: justify;\">(Copie du testament faite par le cur\u00e9 Mallet\u00a0 )<\/p>\n<\/blockquote>\n<p>&nbsp;<\/p>\n<p>Jacques Gardelle d\u00e9c\u00e8dera le 12 Janvier 1891.<\/p>\n<p><img loading=\"lazy\" decoding=\"async\" class=\"size-full wp-image-125 aligncenter\" src=\"https:\/\/www.chronique-gardelle.fr\/wp-content\/uploads\/2018\/02\/instit4-3.png\" alt=\"\" width=\"759\" height=\"743\" srcset=\"https:\/\/www.chronique-gardelle.fr\/wp-content\/uploads\/2018\/02\/instit4-3.png 759w, https:\/\/www.chronique-gardelle.fr\/wp-content\/uploads\/2018\/02\/instit4-3-300x294.png 300w\" sizes=\"(max-width: 759px) 100vw, 759px\" \/><\/p>\n<p>&nbsp;<\/p>\n<p style=\"text-align: justify;\">Comme pr\u00e9vu dans le testament, Pierre Gardelle (l\u2019h\u00e9ritier) versa \u00e0 la fabrique de l\u2019\u00e9glise de R\u00e9zenti\u00e8res les sommes dues afin de dire les messes le 28 D\u00e9cembre 1891<\/p>\n<p>&nbsp;<\/p>\n<p><img loading=\"lazy\" decoding=\"async\" class=\"size-full wp-image-126 aligncenter\" src=\"https:\/\/www.chronique-gardelle.fr\/wp-content\/uploads\/2018\/02\/instit5.png\" alt=\"\" width=\"669\" height=\"884\" srcset=\"https:\/\/www.chronique-gardelle.fr\/wp-content\/uploads\/2018\/02\/instit5.png 669w, https:\/\/www.chronique-gardelle.fr\/wp-content\/uploads\/2018\/02\/instit5-227x300.png 227w\" sizes=\"(max-width: 669px) 100vw, 669px\" \/><\/p>\n<p>Archives ad 15<\/p>\n<p>1 T 109 \u00e0 1 T 111 \u00e9tat des r\u00e8glements des instituteurs<\/p>\n<p>&nbsp;<\/p>\n","protected":false},"excerpt":{"rendered":"<p>Gardelle Jacques Instituteur communal &nbsp; N\u00e9 le 23 aout 1807 \u00e0 Saint Mary le Cros. &nbsp; Brevet Instituteur Primaire \u00c9l\u00e9mentaire le 23 Septembre 1837 \u00e0 Clermont-Ferrand. &nbsp; Instituteur \u00e0 st Mary le Cros \u00a0de 1837 \u00e0 1856 mais une \u00e9cole Mixte va \u00eatre cr\u00e9e \u00e0 Lusclade et selon la r\u00e9glementation ce doit \u00eatre une femme&hellip;<\/p>\n<p><a class=\"more-link\" href=\"https:\/\/www.chronique-gardelle.fr\/?page_id=12\">Continue reading<\/a><\/p>","protected":false},"author":1,"featured_media":0,"parent":0,"menu_order":0,"comment_status":"closed","ping_status":"closed","template":"","meta":{"footnotes":""},"_links":{"self":[{"href":"https:\/\/www.chronique-gardelle.fr\/index.php?rest_route=\/wp\/v2\/pages\/12"}],"collection":[{"href":"https:\/\/www.chronique-gardelle.fr\/index.php?rest_route=\/wp\/v2\/pages"}],"about":[{"href":"https:\/\/www.chronique-gardelle.fr\/index.php?rest_route=\/wp\/v2\/types\/page"}],"author":[{"embeddable":true,"href":"https:\/\/www.chronique-gardelle.fr\/index.php?rest_route=\/wp\/v2\/users\/1"}],"replies":[{"embeddable":true,"href":"https:\/\/www.chronique-gardelle.fr\/index.php?rest_route=%2Fwp%2Fv2%2Fcomments&post=12"}],"version-history":[{"count":25,"href":"https:\/\/www.chronique-gardelle.fr\/index.php?rest_route=\/wp\/v2\/pages\/12\/revisions"}],"predecessor-version":[{"id":180,"href":"https:\/\/www.chronique-gardelle.fr\/index.php?rest_route=\/wp\/v2\/pages\/12\/revisions\/180"}],"wp:attachment":[{"href":"https:\/\/www.chronique-gardelle.fr\/index.php?rest_route=%2Fwp%2Fv2%2Fmedia&parent=12"}],"curies":[{"name":"wp","href":"https:\/\/api.w.org\/{rel}","templated":true}]}}