{"id":24,"date":"2018-02-08T17:26:36","date_gmt":"2018-02-08T16:26:36","guid":{"rendered":"https:\/\/www.chronique-gardelle.fr\/?page_id=24"},"modified":"2018-02-20T21:01:42","modified_gmt":"2018-02-20T20:01:42","slug":"alexandre","status":"publish","type":"page","link":"https:\/\/www.chronique-gardelle.fr\/?page_id=24","title":{"rendered":"Alexandre"},"content":{"rendered":"<p style=\"text-align: justify;\">Rappel\u00e9 aux arm\u00e9es le 2 septembre 1939 il est affect\u00e9 au 332<sup>e<\/sup> RG infanterie.<\/p>\n<p style=\"text-align: justify;\">Puis fait prisonnier le 21 juin 1940 \u00e0 Mirecourt (88).<\/p>\n<p style=\"text-align: justify;\">Arriv\u00e9 au stalag 17 A en Autriche le 14 octobre 1940 num\u00e9ro matricule\u00a0 86783 dans le camp n\u00b01.<\/p>\n<p style=\"text-align: justify;\">Le stalag 17 A \u00e9tait situ\u00e9 \u00e0 Kaiserwteinbruck pr\u00e9s de Eisenstadt\u00a0 entre Vienne et Bratislava sur les contreforts d\u2019une colline il \u00e9tait constitu\u00e9 de deux camps.<\/p>\n<p style=\"text-align: justify;\">Le 10 octobre 1941 il y avait 26 697 prisonniers au stalag 17 A (18704 fran\u00e7ais et 577 belges) l\u2019homme de confiance et interpr\u00e8te fran\u00e7ais charg\u00e9 de la liaison avec le commandement du camp est l\u2019aspirant Ren\u00e9 Belle.<\/p>\n<p style=\"text-align: justify;\">D\u2019apr\u00e8s le rapport du CICR du 10 octobre 1941 le camp 1 doit \u00eatre \u00e9vacu\u00e9 prochainement pour faire de la place pour les prisonniers Russes.<\/p>\n<p style=\"text-align: justify;\">Le casernement du stalag 17A\u00a0\u00a0 est constitu\u00e9 de baraquements en bois ou s\u2019entassent 360 prisonniers les lits sont sur 3 \u00e9tages et chaque prisonnier n\u2019\u00e0 droit qu\u2019\u00e0 une seule couverture.<\/p>\n<p style=\"text-align: justify;\">La plupart des prisonniers sont affect\u00e9es \u00e0 des d\u00e9tachements de travail (on d\u00e9nombre 700 d\u00e9tachements au stalag 17A) les prisonniers sont employ\u00e9s \u00e0 la ville de Vienne, chez les artisans, les forgerons, et dans l\u2019usine d\u2019armement situ\u00e9e dans la banlieue de Vienne.<\/p>\n<p style=\"text-align: justify;\">Ils remplacent les autrichiens qui ont \u00e9t\u00e9 enr\u00f4l\u00e9 dans l\u2019arm\u00e9e allemande.<\/p>\n<p style=\"text-align: justify;\">Chaque travailleur re\u00e7oit 4.2 RM par semaine et pour certain une prime de 3 RM de temps en temps.<\/p>\n<p style=\"text-align: justify;\"><img loading=\"lazy\" decoding=\"async\" class=\"alignnone size-full wp-image-154\" src=\"https:\/\/www.chronique-gardelle.fr\/wp-content\/uploads\/2018\/02\/alexandre1.png\" alt=\"\" width=\"926\" height=\"597\" srcset=\"https:\/\/www.chronique-gardelle.fr\/wp-content\/uploads\/2018\/02\/alexandre1.png 926w, https:\/\/www.chronique-gardelle.fr\/wp-content\/uploads\/2018\/02\/alexandre1-300x193.png 300w, https:\/\/www.chronique-gardelle.fr\/wp-content\/uploads\/2018\/02\/alexandre1-768x495.png 768w\" sizes=\"(max-width: 926px) 100vw, 926px\" \/><\/p>\n<p style=\"text-align: justify;\">18 Octobre 1941<\/p>\n<p style=\"text-align: justify;\">Alexandre est au BAB 17 situ\u00e9 \u00e0 Krefeld en Rh\u00e9nanie pr\u00e8s de Duisbourg.<\/p>\n<h2 style=\"text-align: justify;\">Bau und arbeit (BAB).<\/h2>\n<p style=\"text-align: justify;\">Les bataillons de travailleurs.<\/p>\n<p style=\"text-align: justify;\">Les BAB sont au nombre de 45 sur tout le Reich.<\/p>\n<p style=\"text-align: justify;\">Les prisonniers affect\u00e9s au BAB sont\u00a0 itin\u00e9rants les compagnies sont envoy\u00e9es sur l\u2019ensemble du Reich pour le d\u00e9blaiement des villes apr\u00e8s les bombardements (villes ou usines).<\/p>\n<p style=\"text-align: justify;\">Ils logent dans des immeubles r\u00e9quisitionn\u00e9s sur les sites ou ils doivent intervenir, ils sont souvent tr\u00e8s loin du stalag de leur affectation.<\/p>\n<p style=\"text-align: justify;\">La discipline est rigoureuse et les jours de repos peu fr\u00e9quents.<\/p>\n<p style=\"text-align: justify;\">Chaque BAB \u00e9taient constitu\u00e9s en g\u00e9n\u00e9ral de 4 compagnies de 150 hommes et d\u2019un commandement.<\/p>\n<p style=\"text-align: justify;\">12 D\u00e9cembre 1944 (rapport de la croix rouge).<\/p>\n<p style=\"text-align: justify;\">Le BAB\u00a017 comporte 550 prisonniers fran\u00e7ais.<\/p>\n<p style=\"text-align: justify;\">Il est compos\u00e9 de 3 compagnies.<\/p>\n<p style=\"text-align: justify;\">A Krefeld la discipline est s\u00e9v\u00e8re, la censure du courrier est extr\u00eame les lettres vont \u00e0 la poubelle pour une broutille.<\/p>\n<p style=\"text-align: justify;\">Les prisonniers n\u2019ont pas re\u00e7u de lettres depuis 6 mois.<\/p>\n<p style=\"text-align: justify;\">Le 13 aout 1944<\/p>\n<p style=\"text-align: justify;\">Le camp \u00e0 \u00e9t\u00e9 bombard\u00e9 38 prisonniers du BAB 17 ont \u00e9t\u00e9 tu\u00e9s, les casernements ont \u00e9t\u00e9 d\u00e9truits.<\/p>\n<p style=\"text-align: justify;\">Septembre 1944<\/p>\n<p style=\"text-align: justify;\">La compagnie 1 se trouve \u00e0 Brunswick (situ\u00e9 pr\u00e8s de Hanovre).<\/p>\n<p style=\"text-align: justify;\">La compagnie 2 est dans le m\u00eame secteur.<\/p>\n<p style=\"text-align: justify;\">La compagnie 3 est \u00e0 Dortmund depuis le 16 septembre 1944.<\/p>\n<p style=\"text-align: justify;\">Adresse postale 21 Dortmund postfach 296.<\/p>\n<p style=\"text-align: justify;\">La 3eme compagnie travaille 60 heures par semaine m\u00eame le dimanche et est occup\u00e9e \u00e0 d\u00e9blayer les ruines apr\u00e8s les bombardements.<\/p>\n<p style=\"text-align: justify;\">22 f\u00e9vrier 1945<\/p>\n<p style=\"text-align: justify;\">La 1ere compagnie est \u00e0 Berlin.<\/p>\n<p style=\"text-align: justify;\">Adresse KFG dachdeeker Bat III 1ere Cie Berlin Chalottenburg Kemminet strass 17.<\/p>\n<p style=\"text-align: justify;\">La 2eme compagnie est \u00e0 Dortmund.<\/p>\n<p style=\"text-align: justify;\">Adresse 21 Dortmund postfach 296.<\/p>\n<p style=\"text-align: justify;\">Papa parle dans une de ces lettres alors qu\u2019il est \u00e0 Krefeld d\u2019aller voir son Fr\u00e8re dimanche.<\/p>\n<p style=\"text-align: justify;\">Rapatri\u00e9 le 7 mai 1945 et sera d\u00e9mobilis\u00e9 \u00e0 Versailles le 19 mai 1945.<\/p>\n<p style=\"text-align: justify;\">\n","protected":false},"excerpt":{"rendered":"<p>Rappel\u00e9 aux arm\u00e9es le 2 septembre 1939 il est affect\u00e9 au 332e RG infanterie. Puis fait prisonnier le 21 juin 1940 \u00e0 Mirecourt (88). Arriv\u00e9 au stalag 17 A en Autriche le 14 octobre 1940 num\u00e9ro matricule\u00a0 86783 dans le camp n\u00b01. Le stalag 17 A \u00e9tait situ\u00e9 \u00e0 Kaiserwteinbruck pr\u00e9s de Eisenstadt\u00a0 entre Vienne&hellip;<\/p>\n<p><a class=\"more-link\" href=\"https:\/\/www.chronique-gardelle.fr\/?page_id=24\">Continue reading<\/a><\/p>","protected":false},"author":1,"featured_media":0,"parent":0,"menu_order":0,"comment_status":"closed","ping_status":"closed","template":"","meta":{"footnotes":""},"_links":{"self":[{"href":"https:\/\/www.chronique-gardelle.fr\/index.php?rest_route=\/wp\/v2\/pages\/24"}],"collection":[{"href":"https:\/\/www.chronique-gardelle.fr\/index.php?rest_route=\/wp\/v2\/pages"}],"about":[{"href":"https:\/\/www.chronique-gardelle.fr\/index.php?rest_route=\/wp\/v2\/types\/page"}],"author":[{"embeddable":true,"href":"https:\/\/www.chronique-gardelle.fr\/index.php?rest_route=\/wp\/v2\/users\/1"}],"replies":[{"embeddable":true,"href":"https:\/\/www.chronique-gardelle.fr\/index.php?rest_route=%2Fwp%2Fv2%2Fcomments&post=24"}],"version-history":[{"count":6,"href":"https:\/\/www.chronique-gardelle.fr\/index.php?rest_route=\/wp\/v2\/pages\/24\/revisions"}],"predecessor-version":[{"id":177,"href":"https:\/\/www.chronique-gardelle.fr\/index.php?rest_route=\/wp\/v2\/pages\/24\/revisions\/177"}],"wp:attachment":[{"href":"https:\/\/www.chronique-gardelle.fr\/index.php?rest_route=%2Fwp%2Fv2%2Fmedia&parent=24"}],"curies":[{"name":"wp","href":"https:\/\/api.w.org\/{rel}","templated":true}]}}

<p style="text-align: justify;">Rappelé aux armées le 2 septembre 1939 il est affecté au 332<sup>e</sup> RG infanterie.</p>
<p style="text-align: justify;">Puis fait prisonnier le 21 juin 1940 à Mirecourt (88).</p>
<p style="text-align: justify;">Arrivé au stalag 17 A en Autriche le 14 octobre 1940 numéro matricule  86783 dans le camp n°1.</p>
<p style="text-align: justify;">Le stalag 17 A était situé à Kaiserwteinbruck prés de Eisenstadt  entre Vienne et Bratislava sur les contreforts d’une colline il était constitué de deux camps.</p>
<p style="text-align: justify;">Le 10 octobre 1941 il y avait 26 697 prisonniers au stalag 17 A (18704 français et 577 belges) l’homme de confiance et interprète français chargé de la liaison avec le commandement du camp est l’aspirant René Belle.</p>
<p style="text-align: justify;">D’après le rapport du CICR du 10 octobre 1941 le camp 1 doit être évacué prochainement pour faire de la place pour les prisonniers Russes.</p>
<p style="text-align: justify;">Le casernement du stalag 17A   est constitué de baraquements en bois ou s’entassent 360 prisonniers les lits sont sur 3 étages et chaque prisonnier n’à droit qu’à une seule couverture.</p>
<p style="text-align: justify;">La plupart des prisonniers sont affectées à des détachements de travail (on dénombre 700 détachements au stalag 17A) les prisonniers sont employés à la ville de Vienne, chez les artisans, les forgerons, et dans l’usine d’armement située dans la banlieue de Vienne.</p>
<p style="text-align: justify;">Ils remplacent les autrichiens qui ont été enrôlé dans l’armée allemande.</p>
<p style="text-align: justify;">Chaque travailleur reçoit 4.2 RM par semaine et pour certain une prime de 3 RM de temps en temps.</p>
<p style="text-align: justify;"><img loading="lazy" decoding="async" class="alignnone size-full wp-image-154" src="https://www.chronique-gardelle.fr/wp-content/uploads/2018/02/alexandre1.png" alt="" width="926" height="597" srcset="https://www.chronique-gardelle.fr/wp-content/uploads/2018/02/alexandre1.png 926w, https://www.chronique-gardelle.fr/wp-content/uploads/2018/02/alexandre1-300x193.png 300w, https://www.chronique-gardelle.fr/wp-content/uploads/2018/02/alexandre1-768x495.png 768w" sizes="(max-width: 926px) 100vw, 926px" /></p>
<p style="text-align: justify;">18 Octobre 1941</p>
<p style="text-align: justify;">Alexandre est au BAB 17 situé à Krefeld en Rhénanie près de Duisbourg.</p>
<h2 style="text-align: justify;">Bau und arbeit (BAB).</h2>
<p style="text-align: justify;">Les bataillons de travailleurs.</p>
<p style="text-align: justify;">Les BAB sont au nombre de 45 sur tout le Reich.</p>
<p style="text-align: justify;">Les prisonniers affectés au BAB sont  itinérants les compagnies sont envoyées sur l’ensemble du Reich pour le déblaiement des villes après les bombardements (villes ou usines).</p>
<p style="text-align: justify;">Ils logent dans des immeubles réquisitionnés sur les sites ou ils doivent intervenir, ils sont souvent très loin du stalag de leur affectation.</p>
<p style="text-align: justify;">La discipline est rigoureuse et les jours de repos peu fréquents.</p>
<p style="text-align: justify;">Chaque BAB étaient constitués en général de 4 compagnies de 150 hommes et d’un commandement.</p>
<p style="text-align: justify;">12 Décembre 1944 (rapport de la croix rouge).</p>
<p style="text-align: justify;">Le BAB 17 comporte 550 prisonniers français.</p>
<p style="text-align: justify;">Il est composé de 3 compagnies.</p>
<p style="text-align: justify;">A Krefeld la discipline est sévère, la censure du courrier est extrême les lettres vont à la poubelle pour une broutille.</p>
<p style="text-align: justify;">Les prisonniers n’ont pas reçu de lettres depuis 6 mois.</p>
<p style="text-align: justify;">Le 13 aout 1944</p>
<p style="text-align: justify;">Le camp à été bombardé 38 prisonniers du BAB 17 ont été tués, les casernements ont été détruits.</p>
<p style="text-align: justify;">Septembre 1944</p>
<p style="text-align: justify;">La compagnie 1 se trouve à Brunswick (situé près de Hanovre).</p>
<p style="text-align: justify;">La compagnie 2 est dans le même secteur.</p>
<p style="text-align: justify;">La compagnie 3 est à Dortmund depuis le 16 septembre 1944.</p>
<p style="text-align: justify;">Adresse postale 21 Dortmund postfach 296.</p>
<p style="text-align: justify;">La 3eme compagnie travaille 60 heures par semaine même le dimanche et est occupée à déblayer les ruines après les bombardements.</p>
<p style="text-align: justify;">22 février 1945</p>
<p style="text-align: justify;">La 1ere compagnie est à Berlin.</p>
<p style="text-align: justify;">Adresse KFG dachdeeker Bat III 1ere Cie Berlin Chalottenburg Kemminet strass 17.</p>
<p style="text-align: justify;">La 2eme compagnie est à Dortmund.</p>
<p style="text-align: justify;">Adresse 21 Dortmund postfach 296.</p>
<p style="text-align: justify;">Papa parle dans une de ces lettres alors qu’il est à Krefeld d’aller voir son Frère dimanche.</p>
<p style="text-align: justify;">Rapatrié le 7 mai 1945 et sera démobilisé à Versailles le 19 mai 1945.</p>
<p style="text-align: justify;">

<p>Rappelé aux armées le 2 septembre 1939 il est affecté au 332e RG infanterie. Puis fait prisonnier le 21 juin 1940 à Mirecourt (88). Arrivé au stalag 17 A en Autriche le 14 octobre 1940 numéro matricule  86783 dans le camp n°1. Le stalag 17 A était situé à Kaiserwteinbruck prés de Eisenstadt  entre Vienne&hellip;</p>
<p><a class="more-link" href="https://www.chronique-gardelle.fr/?page_id=24">Continue reading</a></p>
