{"id":26,"date":"2018-02-08T17:26:54","date_gmt":"2018-02-08T16:26:54","guid":{"rendered":"https:\/\/www.chronique-gardelle.fr\/?page_id=26"},"modified":"2018-02-20T21:14:59","modified_gmt":"2018-02-20T20:14:59","slug":"pierre","status":"publish","type":"page","link":"https:\/\/www.chronique-gardelle.fr\/?page_id=26","title":{"rendered":"Pierre"},"content":{"rendered":"<p style=\"text-align: justify;\">Pierre Marie Arthur GARDELLE<\/p>\n<p style=\"text-align: justify;\">N\u00e9 8 novembre 1912 \u00e0 R\u00e9zenti\u00e8res.<\/p>\n<p style=\"text-align: justify;\">Service militaire du 15 avril 1935 au 23 mai 1936.<\/p>\n<p><img loading=\"lazy\" decoding=\"async\" class=\"size-full wp-image-157 aligncenter\" src=\"https:\/\/www.chronique-gardelle.fr\/wp-content\/uploads\/2018\/02\/pierre1.png\" alt=\"\" width=\"790\" height=\"875\" srcset=\"https:\/\/www.chronique-gardelle.fr\/wp-content\/uploads\/2018\/02\/pierre1.png 790w, https:\/\/www.chronique-gardelle.fr\/wp-content\/uploads\/2018\/02\/pierre1-271x300.png 271w, https:\/\/www.chronique-gardelle.fr\/wp-content\/uploads\/2018\/02\/pierre1-768x851.png 768w\" sizes=\"(max-width: 790px) 100vw, 790px\" \/><\/p>\n<p style=\"text-align: center;\">Classe 1932 fiche num\u00e9ro 1498<\/p>\n<p><img loading=\"lazy\" decoding=\"async\" class=\"size-full wp-image-159 aligncenter\" src=\"https:\/\/www.chronique-gardelle.fr\/wp-content\/uploads\/2018\/02\/pierre2.png\" alt=\"\" width=\"722\" height=\"993\" srcset=\"https:\/\/www.chronique-gardelle.fr\/wp-content\/uploads\/2018\/02\/pierre2.png 722w, https:\/\/www.chronique-gardelle.fr\/wp-content\/uploads\/2018\/02\/pierre2-218x300.png 218w\" sizes=\"(max-width: 722px) 100vw, 722px\" \/><\/p>\n<p>Rappel\u00e9 le 2 septembre 1939 et affect\u00e9 14eme zouaves.<\/p>\n<p>Fait Prisonnier par l\u2019arm\u00e9e Allemande le 28 mai 1940.<\/p>\n<p>Intern\u00e9 au Stalag III C\u00a0 de Alt-Drewlz\u00a0 en Pologne.<\/p>\n<p><img loading=\"lazy\" decoding=\"async\" class=\"size-full wp-image-160 aligncenter\" src=\"https:\/\/www.chronique-gardelle.fr\/wp-content\/uploads\/2018\/02\/Pierre3.png\" alt=\"\" width=\"776\" height=\"685\" srcset=\"https:\/\/www.chronique-gardelle.fr\/wp-content\/uploads\/2018\/02\/Pierre3.png 776w, https:\/\/www.chronique-gardelle.fr\/wp-content\/uploads\/2018\/02\/Pierre3-300x265.png 300w, https:\/\/www.chronique-gardelle.fr\/wp-content\/uploads\/2018\/02\/Pierre3-768x678.png 768w\" sizes=\"(max-width: 776px) 100vw, 776px\" \/><\/p>\n<p style=\"text-align: justify;\">Le camp \u00e9tait situ\u00e9 dans le quartier Drzewice de la ville de Kostrzyn en Pologne cette ville est situ\u00e9e \u00e0\u00a0 mi chemin entre Berlin et Varsovie au bord de l\u2019Oder.<\/p>\n<p style=\"text-align: justify;\">La vie au Stalag III C.<\/p>\n<h2 style=\"text-align: justify;\"><em>Rapport croix rouge du 7 Mai 1942.<\/em><\/h2>\n<p style=\"text-align: justify;\">Effectif total 23100 prisonniers<\/p>\n<p style=\"text-align: justify;\">Dont 22000 fran\u00e7ais<\/p>\n<p style=\"text-align: justify;\">480 r\u00e9sident dans le camp les autres travaillent dans l\u2019agriculture et l\u2019industrie.<\/p>\n<p style=\"text-align: justify;\">En 1942 homme de confiance Pierre Dordonnat (Adjudant matricule 21401).<\/p>\n<p style=\"text-align: justify;\">En plus des Fran\u00e7ais il y a des russes (nombre non communiqu\u00e9).<\/p>\n<p style=\"text-align: justify;\">Ce stalag sera dissout le 6 Aout 1941 et rattach\u00e9 au stalag IIIB \u00e0 cause d\u2019une \u00e9pid\u00e9mie de Typhus jusqu\u2019\u00e0 fin Janvier 1942.<\/p>\n<p style=\"text-align: justify;\">\n<p style=\"text-align: justify;\">Janvier 1942 recr\u00e9ation du Stalag III C<\/p>\n<p style=\"text-align: justify;\">\n<h3 style=\"text-align: justify;\">Le casernement<\/h3>\n<p style=\"text-align: justify;\">Il est constitu\u00e9 d\u2019une baraque en pierre appel\u00e9e \u00ab\u00a0Maison \u00ab\u00a0et de 5 baraquements en bois<\/p>\n<p style=\"text-align: justify;\">Dans la maison logent les prisonniers employ\u00e9s au camp<\/p>\n<p style=\"text-align: justify;\">Elle compos\u00e9e de 17 chambres de 42 lits<\/p>\n<p style=\"text-align: justify;\">Les 5 baraquements en bois abritent les prisonniers qui sont malades ,des prisonniers rapatriables, ou en instance de changement de d\u00e9tachement de travail.<\/p>\n<p style=\"text-align: justify;\">Ils sont compos\u00e9s de (X) chambres de 18 lits sur deux \u00e9tages<\/p>\n<p style=\"text-align: justify;\">Le chauffage est assur\u00e9 par un po\u00eale \u00e0 Charbon avec 10 briquettes par baraque et par jour.<\/p>\n<p style=\"text-align: justify;\">La ration alimentaire pour ceux qui sont au camp<\/p>\n<p style=\"text-align: justify;\">200 grammes de viande par semaine<\/p>\n<p style=\"text-align: justify;\">1500 grammes de pain pour 6 hommes par jour<\/p>\n<p style=\"text-align: justify;\">30 grammes de graisse par jour<\/p>\n<p style=\"text-align: justify;\">600 grammes de pommes de terre par jours<\/p>\n<p style=\"text-align: justify;\">160 grammes de charcuterie par semaine<\/p>\n<p style=\"text-align: justify;\">\n<h3 style=\"text-align: justify;\">L\u2019habillement<\/h3>\n<p style=\"text-align: justify;\">Stock de v\u00e9tements \u00e0 z\u00e9ro en 1942 oblig\u00e9 d\u2019avoir recours au stalag III B<\/p>\n<p style=\"text-align: justify;\">Plus de chaussures ,obligation de mettre des sabots<\/p>\n<p style=\"text-align: justify;\">\n<p style=\"text-align: justify;\">Sanitaires pour les 25\u00a0000 Prisonniers<\/p>\n<p style=\"text-align: justify;\">8 douches \u00e0 partager avec les russes<\/p>\n<p style=\"text-align: justify;\">3 \u00e9viers pour le camp<\/p>\n<p style=\"text-align: justify;\">3 pompes ext\u00e9rieures<\/p>\n<p style=\"text-align: justify;\">1 WC de 24 si\u00e8ges sans eau<\/p>\n<p style=\"text-align: justify;\">\n<h3 style=\"text-align: justify;\">Conditions de travail<\/h3>\n<p style=\"text-align: justify;\">8 heures par jour au camp<\/p>\n<p style=\"text-align: justify;\">11 heures par jour \u00e0 l\u2019ext\u00e9rieur<\/p>\n<p style=\"text-align: justify;\">\n<p style=\"text-align: justify;\">Salaire 70 Pfenning (1RM = 100 Pfennings)<\/p>\n<p style=\"text-align: justify;\">\n<h3 style=\"text-align: justify;\">Correspondance<\/h3>\n<p style=\"text-align: justify;\">Droit d\u2019\u00e9crire 2 lettres et deux cartes par mois<\/p>\n<p style=\"text-align: justify;\">\n<h3 style=\"text-align: justify;\">Lib\u00e9ration du Camp<\/h3>\n<p style=\"text-align: justify;\">\n<h4 style=\"text-align: justify;\">Rapport de l\u2019homme de Confiance MR PALSKY Maxime<\/h4>\n<p style=\"text-align: justify;\">Dat\u00e9 du 18 Avril1946<\/p>\n<blockquote>\n<p style=\"text-align: justify;\">Le camp \u00e0 \u00e9t\u00e9 d\u00e9livr\u00e9 par l\u2019arm\u00e9e Russe le 31 Janvier 1945 l\u2019ensemble des prisonniers pr\u00e9sents dans le camp sont partis par train vers Odessa mais en cours de route deux trains ont fait demi tours vers Posen et ensuite une destination inconnue<\/p>\n<p style=\"text-align: justify;\">Le 10 Juin 1945 il y avait 13000 fran\u00e7ais h\u00e9berg\u00e9s dans le camp de Odessa ils furent rapatri\u00e9 vers Marseille ou vers Magdebourg en Juillet \/Aout 1945<\/p>\n<p style=\"text-align: justify;\">Avant l\u2019arriv\u00e9e de l\u2019arm\u00e9e russe les allemands qui avaient fait traverser l\u2019Oder aux prisonniers du camp et stationnent dans les villages de Seenfeld bei Werneuchen et alentours( \u00e0 proximit\u00e9 est de Berlin)<\/p>\n<p style=\"text-align: justify;\">Le 20 avril 1945 les troupes russes\u00a0 traversent l\u2019Oder<\/p>\n<p style=\"text-align: justify;\">Les allemands reprennent leur route avec les colonnes de prisonniers<\/p>\n<p style=\"text-align: justify;\">Le 25 Avril ils sont \u00e0 Mecklenbourg (nord de Berlin en Pomeranie)<\/p>\n<p style=\"text-align: justify;\">Le 26 Avril ils sont \u00e0 Templin ,Angermunde,Prenzlau,Goldberg (Pomeranie)<\/p>\n<p style=\"text-align: justify;\">Le 2 Mai 1945 les russes d\u00e9livrent Goldberg<\/p>\n<p style=\"text-align: justify;\">Le 24 Mai 1945 les Russes remettent les prisonniers aux autorit\u00e9s Anglaises et Am\u00e9ricaines<\/p>\n<\/blockquote>\n<h2>Informations SHD Caen<\/h2>\n<p><img loading=\"lazy\" decoding=\"async\" class=\"size-full wp-image-161 aligncenter\" src=\"https:\/\/www.chronique-gardelle.fr\/wp-content\/uploads\/2018\/02\/pierre4.png\" alt=\"\" width=\"776\" height=\"545\" srcset=\"https:\/\/www.chronique-gardelle.fr\/wp-content\/uploads\/2018\/02\/pierre4.png 776w, https:\/\/www.chronique-gardelle.fr\/wp-content\/uploads\/2018\/02\/pierre4-300x211.png 300w, https:\/\/www.chronique-gardelle.fr\/wp-content\/uploads\/2018\/02\/pierre4-768x539.png 768w\" sizes=\"(max-width: 776px) 100vw, 776px\" \/><\/p>\n<p style=\"text-align: center;\">Num\u00e9ro matricule 30431<\/p>\n<p><img loading=\"lazy\" decoding=\"async\" class=\"size-full wp-image-162 aligncenter\" src=\"https:\/\/www.chronique-gardelle.fr\/wp-content\/uploads\/2018\/02\/Pierre5.png\" alt=\"\" width=\"541\" height=\"739\" srcset=\"https:\/\/www.chronique-gardelle.fr\/wp-content\/uploads\/2018\/02\/Pierre5.png 541w, https:\/\/www.chronique-gardelle.fr\/wp-content\/uploads\/2018\/02\/Pierre5-220x300.png 220w\" sizes=\"(max-width: 541px) 100vw, 541px\" \/><\/p>\n<p style=\"text-align: center;\">Pierre Prisonnier<\/p>\n<p style=\"text-align: justify;\">Rapatri\u00e9 le 17 mai 1945<\/p>\n<blockquote><p>(\u00e9tant donn\u00e9 la date de rapatriement il n\u2019a pas fait partie des prisonniers lib\u00e9r\u00e9s par les Russes mais \u00e0 fait partie des prisonniers qui ont \u00e9t\u00e9 emmen\u00e9 par les allemands dans leur fuite et \u00e0 \u00e9t\u00e9 lib\u00e9r\u00e9 par le am\u00e9ricains en Pom\u00e9ranie ).<\/p><\/blockquote>\n<p style=\"text-align: justify;\">D\u00e9mobilis\u00e9 le 14 aout 1945<\/p>\n<h3 style=\"text-align: justify;\">Informations<\/h3>\n<p style=\"text-align: justify;\">Alain Rigal<\/p>\n<p style=\"text-align: justify;\">Etat civil de R\u00e9zenti\u00e8res et de Saint Flour.<\/p>\n<p style=\"text-align: justify;\">Service historique des arm\u00e9es de Caen.<\/p>\n","protected":false},"excerpt":{"rendered":"<p>Pierre Marie Arthur GARDELLE N\u00e9 8 novembre 1912 \u00e0 R\u00e9zenti\u00e8res. Service militaire du 15 avril 1935 au 23 mai 1936. Classe 1932 fiche num\u00e9ro 1498 Rappel\u00e9 le 2 septembre 1939 et affect\u00e9 14eme zouaves. Fait Prisonnier par l\u2019arm\u00e9e Allemande le 28 mai 1940. Intern\u00e9 au Stalag III C\u00a0 de Alt-Drewlz\u00a0 en Pologne. Le camp \u00e9tait&hellip;<\/p>\n<p><a class=\"more-link\" href=\"https:\/\/www.chronique-gardelle.fr\/?page_id=26\">Continue reading<\/a><\/p>","protected":false},"author":1,"featured_media":0,"parent":0,"menu_order":0,"comment_status":"closed","ping_status":"closed","template":"","meta":{"footnotes":""},"_links":{"self":[{"href":"https:\/\/www.chronique-gardelle.fr\/index.php?rest_route=\/wp\/v2\/pages\/26"}],"collection":[{"href":"https:\/\/www.chronique-gardelle.fr\/index.php?rest_route=\/wp\/v2\/pages"}],"about":[{"href":"https:\/\/www.chronique-gardelle.fr\/index.php?rest_route=\/wp\/v2\/types\/page"}],"author":[{"embeddable":true,"href":"https:\/\/www.chronique-gardelle.fr\/index.php?rest_route=\/wp\/v2\/users\/1"}],"replies":[{"embeddable":true,"href":"https:\/\/www.chronique-gardelle.fr\/index.php?rest_route=%2Fwp%2Fv2%2Fcomments&post=26"}],"version-history":[{"count":5,"href":"https:\/\/www.chronique-gardelle.fr\/index.php?rest_route=\/wp\/v2\/pages\/26\/revisions"}],"predecessor-version":[{"id":186,"href":"https:\/\/www.chronique-gardelle.fr\/index.php?rest_route=\/wp\/v2\/pages\/26\/revisions\/186"}],"wp:attachment":[{"href":"https:\/\/www.chronique-gardelle.fr\/index.php?rest_route=%2Fwp%2Fv2%2Fmedia&parent=26"}],"curies":[{"name":"wp","href":"https:\/\/api.w.org\/{rel}","templated":true}]}}

<p style="text-align: justify;">Pierre Marie Arthur GARDELLE</p>
<p style="text-align: justify;">Né 8 novembre 1912 à Rézentières.</p>
<p style="text-align: justify;">Service militaire du 15 avril 1935 au 23 mai 1936.</p>
<p><img loading="lazy" decoding="async" class="size-full wp-image-157 aligncenter" src="https://www.chronique-gardelle.fr/wp-content/uploads/2018/02/pierre1.png" alt="" width="790" height="875" srcset="https://www.chronique-gardelle.fr/wp-content/uploads/2018/02/pierre1.png 790w, https://www.chronique-gardelle.fr/wp-content/uploads/2018/02/pierre1-271x300.png 271w, https://www.chronique-gardelle.fr/wp-content/uploads/2018/02/pierre1-768x851.png 768w" sizes="(max-width: 790px) 100vw, 790px" /></p>
<p style="text-align: center;">Classe 1932 fiche numéro 1498</p>
<p><img loading="lazy" decoding="async" class="size-full wp-image-159 aligncenter" src="https://www.chronique-gardelle.fr/wp-content/uploads/2018/02/pierre2.png" alt="" width="722" height="993" srcset="https://www.chronique-gardelle.fr/wp-content/uploads/2018/02/pierre2.png 722w, https://www.chronique-gardelle.fr/wp-content/uploads/2018/02/pierre2-218x300.png 218w" sizes="(max-width: 722px) 100vw, 722px" /></p>
<p>Rappelé le 2 septembre 1939 et affecté 14eme zouaves.</p>
<p>Fait Prisonnier par l’armée Allemande le 28 mai 1940.</p>
<p>Interné au Stalag III C  de Alt-Drewlz  en Pologne.</p>
<p><img loading="lazy" decoding="async" class="size-full wp-image-160 aligncenter" src="https://www.chronique-gardelle.fr/wp-content/uploads/2018/02/Pierre3.png" alt="" width="776" height="685" srcset="https://www.chronique-gardelle.fr/wp-content/uploads/2018/02/Pierre3.png 776w, https://www.chronique-gardelle.fr/wp-content/uploads/2018/02/Pierre3-300x265.png 300w, https://www.chronique-gardelle.fr/wp-content/uploads/2018/02/Pierre3-768x678.png 768w" sizes="(max-width: 776px) 100vw, 776px" /></p>
<p style="text-align: justify;">Le camp était situé dans le quartier Drzewice de la ville de Kostrzyn en Pologne cette ville est située à  mi chemin entre Berlin et Varsovie au bord de l’Oder.</p>
<p style="text-align: justify;">La vie au Stalag III C.</p>
<h2 style="text-align: justify;"><em>Rapport croix rouge du 7 Mai 1942.</em></h2>
<p style="text-align: justify;">Effectif total 23100 prisonniers</p>
<p style="text-align: justify;">Dont 22000 français</p>
<p style="text-align: justify;">480 résident dans le camp les autres travaillent dans l’agriculture et l’industrie.</p>
<p style="text-align: justify;">En 1942 homme de confiance Pierre Dordonnat (Adjudant matricule 21401).</p>
<p style="text-align: justify;">En plus des Français il y a des russes (nombre non communiqué).</p>
<p style="text-align: justify;">Ce stalag sera dissout le 6 Aout 1941 et rattaché au stalag IIIB à cause d’une épidémie de Typhus jusqu’à fin Janvier 1942.</p>
<p style="text-align: justify;">
<p style="text-align: justify;">Janvier 1942 recréation du Stalag III C</p>
<p style="text-align: justify;">
<h3 style="text-align: justify;">Le casernement</h3>
<p style="text-align: justify;">Il est constitué d’une baraque en pierre appelée « Maison « et de 5 baraquements en bois</p>
<p style="text-align: justify;">Dans la maison logent les prisonniers employés au camp</p>
<p style="text-align: justify;">Elle composée de 17 chambres de 42 lits</p>
<p style="text-align: justify;">Les 5 baraquements en bois abritent les prisonniers qui sont malades ,des prisonniers rapatriables, ou en instance de changement de détachement de travail.</p>
<p style="text-align: justify;">Ils sont composés de (X) chambres de 18 lits sur deux étages</p>
<p style="text-align: justify;">Le chauffage est assuré par un poêle à Charbon avec 10 briquettes par baraque et par jour.</p>
<p style="text-align: justify;">La ration alimentaire pour ceux qui sont au camp</p>
<p style="text-align: justify;">200 grammes de viande par semaine</p>
<p style="text-align: justify;">1500 grammes de pain pour 6 hommes par jour</p>
<p style="text-align: justify;">30 grammes de graisse par jour</p>
<p style="text-align: justify;">600 grammes de pommes de terre par jours</p>
<p style="text-align: justify;">160 grammes de charcuterie par semaine</p>
<p style="text-align: justify;">
<h3 style="text-align: justify;">L’habillement</h3>
<p style="text-align: justify;">Stock de vétements à zéro en 1942 obligé d’avoir recours au stalag III B</p>
<p style="text-align: justify;">Plus de chaussures ,obligation de mettre des sabots</p>
<p style="text-align: justify;">
<p style="text-align: justify;">Sanitaires pour les 25 000 Prisonniers</p>
<p style="text-align: justify;">8 douches à partager avec les russes</p>
<p style="text-align: justify;">3 éviers pour le camp</p>
<p style="text-align: justify;">3 pompes extérieures</p>
<p style="text-align: justify;">1 WC de 24 sièges sans eau</p>
<p style="text-align: justify;">
<h3 style="text-align: justify;">Conditions de travail</h3>
<p style="text-align: justify;">8 heures par jour au camp</p>
<p style="text-align: justify;">11 heures par jour à l’extérieur</p>
<p style="text-align: justify;">
<p style="text-align: justify;">Salaire 70 Pfenning (1RM = 100 Pfennings)</p>
<p style="text-align: justify;">
<h3 style="text-align: justify;">Correspondance</h3>
<p style="text-align: justify;">Droit d’écrire 2 lettres et deux cartes par mois</p>
<p style="text-align: justify;">
<h3 style="text-align: justify;">Libération du Camp</h3>
<p style="text-align: justify;">
<h4 style="text-align: justify;">Rapport de l’homme de Confiance MR PALSKY Maxime</h4>
<p style="text-align: justify;">Daté du 18 Avril1946</p>
<blockquote>
<p style="text-align: justify;">Le camp à été délivré par l’armée Russe le 31 Janvier 1945 l’ensemble des prisonniers présents dans le camp sont partis par train vers Odessa mais en cours de route deux trains ont fait demi tours vers Posen et ensuite une destination inconnue</p>
<p style="text-align: justify;">Le 10 Juin 1945 il y avait 13000 français hébergés dans le camp de Odessa ils furent rapatrié vers Marseille ou vers Magdebourg en Juillet /Aout 1945</p>
<p style="text-align: justify;">Avant l’arrivée de l’armée russe les allemands qui avaient fait traverser l’Oder aux prisonniers du camp et stationnent dans les villages de Seenfeld bei Werneuchen et alentours( à proximité est de Berlin)</p>
<p style="text-align: justify;">Le 20 avril 1945 les troupes russes  traversent l’Oder</p>
<p style="text-align: justify;">Les allemands reprennent leur route avec les colonnes de prisonniers</p>
<p style="text-align: justify;">Le 25 Avril ils sont à Mecklenbourg (nord de Berlin en Pomeranie)</p>
<p style="text-align: justify;">Le 26 Avril ils sont à Templin ,Angermunde,Prenzlau,Goldberg (Pomeranie)</p>
<p style="text-align: justify;">Le 2 Mai 1945 les russes délivrent Goldberg</p>
<p style="text-align: justify;">Le 24 Mai 1945 les Russes remettent les prisonniers aux autorités Anglaises et Américaines</p>
</blockquote>
<h2>Informations SHD Caen</h2>
<p><img loading="lazy" decoding="async" class="size-full wp-image-161 aligncenter" src="https://www.chronique-gardelle.fr/wp-content/uploads/2018/02/pierre4.png" alt="" width="776" height="545" srcset="https://www.chronique-gardelle.fr/wp-content/uploads/2018/02/pierre4.png 776w, https://www.chronique-gardelle.fr/wp-content/uploads/2018/02/pierre4-300x211.png 300w, https://www.chronique-gardelle.fr/wp-content/uploads/2018/02/pierre4-768x539.png 768w" sizes="(max-width: 776px) 100vw, 776px" /></p>
<p style="text-align: center;">Numéro matricule 30431</p>
<p><img loading="lazy" decoding="async" class="size-full wp-image-162 aligncenter" src="https://www.chronique-gardelle.fr/wp-content/uploads/2018/02/Pierre5.png" alt="" width="541" height="739" srcset="https://www.chronique-gardelle.fr/wp-content/uploads/2018/02/Pierre5.png 541w, https://www.chronique-gardelle.fr/wp-content/uploads/2018/02/Pierre5-220x300.png 220w" sizes="(max-width: 541px) 100vw, 541px" /></p>
<p style="text-align: center;">Pierre Prisonnier</p>
<p style="text-align: justify;">Rapatrié le 17 mai 1945</p>
<blockquote><p>(étant donné la date de rapatriement il n’a pas fait partie des prisonniers libérés par les Russes mais à fait partie des prisonniers qui ont été emmené par les allemands dans leur fuite et à été libéré par le américains en Poméranie ).</p></blockquote>
<p style="text-align: justify;">Démobilisé le 14 aout 1945</p>
<h3 style="text-align: justify;">Informations</h3>
<p style="text-align: justify;">Alain Rigal</p>
<p style="text-align: justify;">Etat civil de Rézentières et de Saint Flour.</p>
<p style="text-align: justify;">Service historique des armées de Caen.</p>

<p>Pierre Marie Arthur GARDELLE Né 8 novembre 1912 à Rézentières. Service militaire du 15 avril 1935 au 23 mai 1936. Classe 1932 fiche numéro 1498 Rappelé le 2 septembre 1939 et affecté 14eme zouaves. Fait Prisonnier par l’armée Allemande le 28 mai 1940. Interné au Stalag III C  de Alt-Drewlz  en Pologne. Le camp était&hellip;</p>
<p><a class="more-link" href="https://www.chronique-gardelle.fr/?page_id=26">Continue reading</a></p>
